 are the prime factors of 87847696?
2, 59, 93059
List the prime factors of 623025324.
2, 3, 5768753
What are the prime factors of 2128992?
2, 3, 67, 331
List the prime factors of 1453042076.
2, 9833, 36943
What are the prime factors of 18339424?
2, 573107
List the prime factors of 64590489.
3, 7176721
What are the prime factors of 1999763?
61, 32783
List the prime factors of 748363364.
2, 7, 1279, 20897
What are the prime factors of 449947053?
3, 1481, 33757
What are the prime factors of 103472039?
11, 9406549
List the prime factors of 4563623648.
2, 4987, 28597
What are the prime factors of 74502724?
2, 19, 980299
List the prime factors of 238992041.
238992041
What are the prime factors of 3204430287?
3, 109, 9799481
What are the prime factors of 2591375142?
2, 3, 37, 2311, 5051
What are the prime factors of 347412968?
2, 7, 6203803
What are the prime factors of 5047322?
2, 7, 281, 1283
What are the prime factors of 2166565990?
2, 5, 1951, 111049
What are the prime factors of 4818667?
7, 17, 40493
What are the prime factors of 22247903?
443, 50221
List the prime factors of 1089194901.
3, 363064967
What are the prime factors of 377137339?
377137339
What are the prime factors of 184250980?
2, 5, 19, 31, 15641
List the prime factors of 292997947.
11, 26636177
List the prime factors of 2073682301.
2073682301
What are the prime factors of 819912575?
5, 307, 317, 337
List the prime factors of 336283424.
2, 2687, 3911
What are the prime factors of 2051406757?
2051406757
List the prime factors of 126095102.
2, 7, 9006793
What are the prime factors of 128366933?
23, 5581171
What are the prime factors of 305711101?
23, 109, 197, 619
What are the prime factors of 334798197?
3, 199, 449, 1249
List the prime factors of 6808427425.
5, 59, 619, 7457
List the prime factors of 89392069.
13, 17, 404489
List the prime factors of 33999903.
3, 7, 283, 1907
List the prime factors of 98635669.
11, 19, 59, 421
What are the prime factors of 82532215?
5, 347, 47569
List the prime factors of 41095454.
2, 20547727
List the prime factors of 1555203387.
3, 29, 17875901
List the prime factors of 767314066.
2, 37, 10369109
List the prime factors of 19399767.
3, 47, 137587
What are the prime factors of 49170063?
3, 16390021
What are the prime factors of 2827212198?
2, 3, 19, 983, 25229
List the prime factors of 23976615.
3, 5, 13, 122957
List the prime factors of 114015139.
7, 127, 277, 463
List the prime factors of 700242725.
5, 7, 13, 31, 9929
What are the prime factors of 94320020?
2, 5, 4716001
List the prime factors of 27113969.
19, 937, 1523
List the prime factors of 3897776485.
5, 601, 997, 1301
List the prime factors of 1349037.
3, 149893
What are the prime factors of 4120445086?
2, 101, 20398243
List the prime factors of 2514472595.
5, 149, 821, 4111
List the prime factors of 2513465083.
2513465083
List the prime factors of 98735789.
3851, 25639
List the prime factors of 26867275.
5, 1074691
List the prime factors of 62112406.
2, 19, 31, 52727
What are the prime factors of 118585735?
5, 41, 578467
What are the prime factors of 39535749?
3, 11, 133117
What are the prime factors of 2272183989?
3, 19, 39862877
What are the prime factors of 348801283?
348801283
List the prime factors of 456943693.
587, 778439
List the prime factors of 541813515.
3, 5, 1901, 19001
What are the prime factors of 3031062054?
2, 3, 47, 73, 113, 1303
What are the prime factors of 282558664?
2, 103, 137, 2503
What are the prime factors of 384445305?
3, 5, 53, 53731
List the prime factors of 214627709.
47, 631, 7237
List the prime factors of 2435148185.
5, 487029637
What are the prime factors of 337989842?
2, 168994921
What are the prime factors of 797481544?
2, 99685193
List the prime factors of 289343926.
2, 1867, 77489
What are the prime factors of 2054479879?
661, 3108139
What are the prime factors of 3508052944?
2, 11, 19932119
List the prime factors of 1953717341.
43, 257, 176791
List the prime factors of 837101194.
2, 167, 2506291
What are the prime factors of 1925195761?
1925195761
List the prime factors of 475334331.
3, 17, 29, 557, 577
What are the prime factors of 2027218?
2, 1013609
What are the prime factors of 16464672?
2, 3, 7, 8167
List the prime factors of 668687959.
199, 659, 5099
What are the prime factors of 1852921343?
7, 13, 2693, 7561
What are the prime factors of 479800759?
1319, 363761
List the prime factors of 1052375921.
1052375921
List the prime factors of 237403483.
29, 53, 154459
What are the prime factors of 43593305?
5, 7, 509, 2447
List the prime factors of 2587671173.
89, 29074957
List the prime factors of 593327890.
2, 5, 59332789
What are the prime factors of 2436658?
2, 7, 174047
What are the prime factors of 809062173?
3, 1621, 55457
What are the prime factors of 150413419?
13, 11570263
What are the prime factors of 54373235?
5, 7, 379, 4099
What are the prime factors of 180950887?
13, 13919299
List the prime factors of 106482341.
7, 23, 94483
List the prime factors of 874505207.
874505207
List the prime factors of 38458527.
3, 19, 674711
List the prime factors of 136011806.
2, 7, 463, 20983
What are the prime factors of 41099663?
11, 107, 34919
List the prime factors of 4769809032.
2, 3, 101, 337, 5839
List the prime factors of 141662190.
2, 3, 5, 17, 89, 3121
List the prime factors of 55633109.
7, 7947587
List the prime factors of 584778221.
397, 1472993
What are the prime factors of 821409510?
2, 3, 5, 2503, 10939
What are the prime factors of 183785368?
2, 13, 17, 103951
List the prime factors of 1960816224.
2, 3, 20425169
List the prime factors of 2249993498.
2, 1124996749
List the prime factors of 1080672054.
2, 3, 7, 11, 337, 631
What are the prime factors of 14647284?
2, 3, 135623
List the prime factors of 90160187.
13, 19, 365021
List the prime factors of 541269808.
2, 33829363
What are the prime factors of 8661311?
8661311
What are the prime factors of 1228847321?
13, 157, 602081
List the prime factors of 6522725.
5, 11, 23719
What are the prime factors of 187299972?
2, 3, 41, 42299
What are the prime factors of 454987491?
3, 7, 83, 89, 419
What are the prime factors of 43994440?
2, 5, 7, 71, 2213
List the prime factors of 1624416751.
383, 4241297
What are the prime factors of 90229646?
2, 13, 751, 4621
What are the prime factors of 93668786?
2, 229, 204517
List the prime factors of 1981061641.
13, 152389357
What are the prime factors of 623071151?
47, 1429, 9277
What are the prime factors of 108421416?
2, 3, 167317
List the prime factors of 431969317.
13, 41, 239, 3391
What are the prime factors of 629710529?
7, 5413, 16619
List the prime factors of 5367487627.
419, 1033, 12401
List the prime factors of 3491149874.
2, 37, 211, 6043
What are the prime factors of 67733748?
2, 3, 1881493
List the prime factors of 164294751.
3, 47, 1165211
What are the prime factors of 245360827?
487, 503821
List the prime factors of 28451357.
11, 419, 6173
What are the prime factors of 3611374002?
2, 3, 29, 6918341
What are the prime factors of 54684109?
19, 419, 6869
What are the prime factors of 263615573?
13, 20278121
What are the prime factors of 252040635?
3, 5, 7, 11, 72739
What are the prime factors of 491881477?
463, 1062379
What are the prime factors of 29352763?
11, 2668433
List the prime factors of 12167197.
7, 1738171
List the prime factors of 558787038.
2, 3, 93131173
What are the prime factors of 1016872959?
3, 103, 131, 25121
List the prime factors of 1863655101.
3, 7, 11, 29, 30911
List the prime factors of 642232012.
2, 2297, 69899
What are the prime factors of 9081714711?
3, 3027238237
List the prime factors of 72084090.
2, 3, 5, 13, 184831
What are the prime factors of 34969545?
3, 5, 13, 23, 113
List the prime factors of 3186711989.
6883, 462983
List the prime factors of 2786115996.
2, 3, 19, 1181, 3449
List the prime factors of 60383823.
3, 251, 80191
List the prime factors of 1072201628.
2, 17, 277, 56923
What are the prime factors of 44558598?
2, 3, 7, 17, 3671
What are the prime factors of 16924873?
7, 37, 101, 647
What are the prime factors of 2043113215?
5, 11, 13, 2857501
List the prime factors of 272624741.
272624741
What are the prime factors of 37961401?
563, 67427
What are the prime factors of 184078163?
184078163
What are the pri